 m(b) = -118*b + 6. Let w(o) = o. Let a(z) = m(z) + w(z). List the prime factors of a(-2).
2, 3, 5
Suppose -4793 = 29*v - 21236. What are the prime factors of v?
3, 7
Let b(f) = f**3 - 10*f**2 - 10*f - 17. Let x be b(11). Let k = -137 + 338. What are the prime factors of (-1)/(-2) - k/x?
2, 17
Suppose s - 5*m = 3280, -136*s + 4*m + 9851 = -133*s. List the prime factors of s.
3, 5, 73
Let c(a) = a**3 + 5*a**2 - 18*a - 3. List the prime factors of c(6).
3, 5, 19
Let y be 2/((-12)/3)*(-54 + 0). Suppose 5*v - 21 = 3*m - 56, -m - 3*v = -21. Let k = y - m. What are the prime factors of k?
2, 3
Suppose -38 + 182 = 8*v. Let m = v + 16. What are the prime factors of m?
2, 17
Let f(y) = -8*y - 10. Let x = -20 - -4. List the prime factors of f(x).
2, 59
Let s(n) = n**2 + 2*n + 10. Let l be s(-6). Suppose l*d = 36*d - 142. List the prime factors of d.
71
Let u(n) = 0*n - 37 - n + 0*n + 48. List the prime factors of u(7).
2
Let s(l) = l + 11. Let p be s(-18). What are the prime factors of (-3 + (-24)/4)*p?
3, 7
Suppose 0 = q - 5*q + 52. Let c = 78 + q. Let d = c + -63. List the prime factors of d.
2, 7
List the prime factors of (-26)/(-10) + 44/110 + 42.
3, 5
List the prime factors of 1714/4 + 16/32.
3, 11, 13
Let y = 35 - -286. List the prime factors of y.
3, 107
Let z(s) be the third derivative of -3*s**4/8 + s**3/2 + 12*s**2. What are the prime factors of z(-2)?
3, 7
Let i = 28 - 15. Suppose -i = m - 2*m - 3*r, 4*m - r - 78 = 0. Let l = m + 2. List the prime factors of l.
3, 7
Let g(c) = -6*c - 3. Let q be g(1). Let j(a) = -a**3 - 9*a**2 - 11*a + 18. What are the prime factors of j(q)?
3, 13
Let a be ((-6)/(-4) + -1)*2. Let l be a + -62 + (-4 - -6). Let z = 84 + l. List the prime factors of z.
5
Suppose 4*j + s - 9 + 3 = 0, 0 = -s + 2. Let b be (-2 - 0)/(j/(-26)). Suppose 4*x = b - 16. What are the prime factors of x?
3
Suppose 2*h - 4*a - 20 = 0, -3*h - 27 = 4*a - 7. Suppose 0*q + 2*q + 2*i - 416 = h, -5*q = 4*i - 1037. What are the prime factors of q?
5, 41
Let i be 8/5 - (-18)/45. Suppose i*k = 5*k - 711. What are the prime factors of k?
3, 79
Let d(b) = 2*b**3 + 7*b**2 - 4*b + 2. Let m(a) = -a**3 - a**2. Let n(z) = d(z) + 3*m(z). Let j be n(2). Suppose 1 + j = q. What are the prime factors of q?
3
Let i(t) = -3*t + 11. Let k be i(3). Suppose 5*y - 173 = -3*c, -3*c + c = k*y - 118. List the prime factors of c.
61
Suppose -390 = 2*f + 3*f. Let d = -40 - f. What are the prime factors of d?
2, 19
Let v = 528 + -135. List the prime factors of v.
3, 131
Let u(b) = -70*b + 95. What are the prime factors of u(-25)?
3, 5, 41
Let j be 24/((-3)/(-9)*6). Suppose -t + j = g + 4, 0 = -4*t + 12. Suppose -g*u + 135 = -0*u. What are the prime factors of u?
3
Let z(u) = 18*u - 51. Let x be z(2). Suppose -p - 3*p = -j - 23, 2*j + 3*p + 90 = 0. Let h = x - j. List the prime factors of h.
2, 3
Suppose 0 = -3*b + 2*b - 2*o + 8, 4*b + 3*o = 32. Suppose 374 + 58 = b*a. List the prime factors of a.
2, 3
Let j(b) = 4*b + 17. Let r be j(-8). Let v = -9 - r. Suppose 2*i = v*i - 136. What are the prime factors of i?
2, 17
Let z(q) = 2*q**2 - 29*q + 13. Let p be z(12). List the prime factors of 2/(10/(-5))*p.
47
Let o(l) = -5*l - 12. Let r be o(-11). Suppose 3*y - 122 = 79. Let d = y - r. List the prime factors of d.
2, 3
Suppose -5*j + 3*j + 4 = 0. Let x(v) = 2*v - 38. Let c be x(19). List the prime factors of (63/6 - c)*j.
3, 7
Suppose f + 1954 = 4*u, -3*u = -7*u - 3*f + 1962. List the prime factors of u.
3, 163
Suppose -6*f = -7*f + 43. Suppose 0 = -p + 5*s + f, 3*p - 4*s - 90 = -2*s. What are the prime factors of p?
2, 7
Suppose -5 = 6*h - 7*h. Suppose 2*w = -3*t + 43, 0 = -4*t + 5*t + h*w - 36. List the prime factors of t.
11
Let c be (-3)/((-12)/4 + 2). Suppose c*t = 4*m + 4*t, -2*m + 2*t - 10 = 0. What are the prime factors of m + (-1)/(2/(-8))?
3
Suppose 1 = -m + 5. Suppose -78 = -4*y - m*p - 6, 4*y = 2*p + 72. What are the prime factors of y?
2, 3
Let z(i) = 3*i**3 - 19*i**2 - 5*i + 76. What are the prime factors of z(11)?
5, 7
Let r(s) = -s**2 - 3 + 40*s**2 + 6*s - 3*s - 2*s. What are the prime factors of r(2)?
5, 31
Suppose 2*m - 3*v - 3387 = 0, -9*m - 3*v + 6819 = -5*m. What are the prime factors of m?
3, 7
Let z(j) = 3*j - 7. Let i be ((-2)/(-5))/(1/(-5)). Let v = i + 11. What are the prime factors of z(v)?
2, 5
Let n be (-4)/3*51*1. Let l = 103 + -127. Let v = l - n. List the prime factors of v.
2, 11
Suppose -206 = -3*f + 4*t, 4*f + 2*t - 11 = 227. Suppose -2 = 2*q - f. Suppose -2*x - x = -q. What are the prime factors of x?
2, 5
List the prime factors of 39*2/1*(-130)/(-39).
2, 5, 13
Let o = 45 - 43. What are the prime factors of -10*(44/8)/(-1) - o?
53
Suppose 0 = -21*q + 25*q - 4, b - 2141 = -5*q. List the prime factors of b.
2, 3, 89
Let y(h) = -343*h - 18. What are the prime factors of y(-1)?
5, 13
Let f = 4 + -2. Let n(x) = x**2 - 5*x**f + x**3 - 2 + x**3 + 3*x + 0*x**3. What are the prime factors of n(3)?
5
Suppose 1326 = -3*i + 9*i. Let s = 376 - i. List the prime factors of s.
5, 31
Suppose -881 = -8*v + 375. Suppose -2*i - 3*m + 87 = 0, -v = -3*i + m + 1. What are the prime factors of i?
3, 17
Let a(l) be the second derivative of l**4/12 + l**3/3 - 2*l**2 + 5*l. Let d be a(-3). List the prime factors of -17*(d - 0)*1.
17
Suppose -11*h = -21*h + 2740. What are the prime factors of h?
2, 137
Suppose 8 = 4*b + 20. Let y(k) = 6*k**2 - k - 6. List the prime factors of y(b).
3, 17
Let d = 0 + 7. Let z = 9 - d. Suppose 4*l + l + z*t - 25 = 0, 4*t + 20 = 0. What are the prime factors of l?
7
Let y be -7 + (-6)/9*-6. Let i(g) = -6*g. List the prime factors of i(y).
2, 3
Suppose -8*j + 495 = -1097. List the prime factors of j.
199
Let v = 3 + -8. Let x = v + -1. What are the prime factors of (-2 - 9/x)*-62?
31
Let r(n) be the first derivative of n**2 - 31*n + 8. What are the prime factors of r(17)?
3
Let n(s) = 13*s + 4. Suppose 5*p = -2*z + 6, 5*z + 2*p - 44 = 4*p. Let a be n(z). Suppose -15 - a = -3*o. What are the prime factors of o?
41
List the prime factors of 5 + 14668/16 - 2/(-8).
2, 461
Suppose -141*g = -140*g - 47. List the prime factors of g.
47
What are the prime factors of (43260/(-40))/((-3)/(-84)*-6)?
7, 103
Suppose 4*s - 60 + 8 = 4*f, 2*s - 26 = -2*f. Suppose -8*h - s = -1245. What are the prime factors of h?
2, 7, 11
Suppose 155*v = 3*s + 159*v - 11401, 2*s = 5*v + 7639. What are the prime factors of s?
3, 47
Suppose 5154 = -31*x + 52119. List the prime factors of x.
3, 5, 101
Suppose 4*p - 276 = -2*l - 0*l, p = -3*l + 419. Suppose l = 3*h + 2*n + 7, 5*n = 5*h - 230. What are the prime factors of h?
3, 5
Let j = 1174 + -163. What are the prime factors of j?
3, 337
Let k(c) be the third derivative of 11/24*c**4 + 1/120*c**6 + 0 + 12*c**2 - 1/2*c**3 - 7/60*c**5 + 0*c. What are the prime factors of k(5)?
2
Let n(y) = 3*y - 34. Let b be n(12). List the prime factors of b - ((-3)/(-4) + 861/(-12)).
73
Let r = 90 + -98. What are the prime factors of 6/(-45) - ((-48992)/(-30))/r?
2, 3, 17
Suppose -3*m + 862 + 260 = 0. What are the prime factors of m?
2, 11, 17
Let t = 13 + -9. Let n = 9 - t. Let j = 7 - n. What are the prime factors of j?
2
Let t(z) = 2*z - 14. Let b be t(-4). Let y(l) = -l**3 - 22*l**2 - l - 15. List the prime factors of y(b).
7
Suppose -2*z = 3*h - 1703, -2888 = -5*z - 5*h + 1367. List the prime factors of z.
2, 5, 17
Suppose 3*t - 10 = 4*f, t + 0*t = 3*f + 10. Let y be -2*(0 - (-3 - f)). Suppose -6*n = -y*n - 84. List the prime factors of n.
3, 7
Let o = -34 - -36. Suppose 0 = 4*f - j - 720, -o*f + j + 360 = 6*j. List the prime factors of f.
2, 3, 5
Let v(w) = -35*w - 87. What are the prime factors of v(-6)?
3, 41
Let l = 144 + -67. Let s(p) = 4*p - 5. Let k be s(4). Suppose -3*v + l = k. What are the prime factors of v?
2, 11
Let d(w) = 25*w**2. Let o be d(1). Suppose -3*n - b = 4*b - 31, -5*b = -o. Suppose -6*i + n*i = -80. What are the prime factors of i?
2, 5
Suppose 5*z + 5*u - 12295 = 0, 7*z + 2*u = 3*z + 9836. List the prime factors of z.
2459
Suppose -1420 = -5*k - 3*t, -1420 = -5*k + 48*t - 50*t. What are the prime factors of k?
2, 71
Suppose 2*a = -0*a + 32. Suppose 2*v - 5*g - 73 = 0, 2*g = v - 18 - a. List the prime factors of v.
2, 3
Suppose -688 = -5*d - 3*r + r, -676 = -5*d + r. Let t be 4/(-6) + d/51. Suppose t*x -